d by q(-7).
31
Let z = -7073 + 7286. What is the remainder when 3619 is divided by z?
211
Let j = 14 + 0. Suppose 17 = -9*t + 44. Suppose -4*m + 105 = t*c, 9*c + 5 = 4*c. What is the remainder when m is divided by j?
13
Let y = 128 + -89. Let c = -18 + y. What is the remainder when -1*6*55*4/(-22) is divided by c?
18
Suppose -3*i - 123*d + 124*d + 7293 = 0, 2*i - 4*d - 4872 = 0. What is the remainder when i is divided by 32?
30
Suppose -5*h = g - 37021, 5*h - 9273 - 27736 = -4*g. Calculate the remainder when h is divided by 161.
160
Let d(k) = -3*k + 1. Let i be d(0). What is the remainder when (5 + (0 - i))/(26/273) is divided by 8?
2
Let c = -2647 - -9639. What is the remainder when c is divided by 63?
62
Let c = 296 + -254. Let s = -32 - -41. Calculate the remainder when c is divided by s.
6
Let j be (2/3)/(16/72). Let u(w) be the third derivative of w**6/120 + w**4/24 - w**3/2 + 14*w**2. What is the remainder when 79 is divided by u(j)?
25
Let q be 528/84 + -6 - (-24)/14. Let w = 18 - q. Calculate the remainder when 79 is divided by w.
15
Let q(x) = 13*x - 75. Let l be q(-21). Let a = -344 - l. Suppose 0*c + 4*c = 8. What is the remainder when a is divided by c?
0
Suppose 1470 = 100*m - 4330. Calculate the remainder when 2316 is divided by m.
54
Let r(g) = -814*g - 8951. Suppose -t - 194 + 57 = -5*f, -2*f - t = -52. What is the remainder when f is divided by r(-11)?
0
Suppose -18*n - 6 = -42. What is the remainder when 5/(-105)*-1167 - (-12)/(-21) is divided by n?
1
Let f = 11511 + -11493. Suppose 0 = 2*t + 3*t - 40. Calculate the remainder when f is divided by t.
2
Let m(j) = 38*j**2 + 3*j - 1. Calculate the remainder when m(-2) is divided by 5.
0
Suppose 1724*s - 1050 = 1699*s. What is the remainder when 4925 is divided by s?
11
Let q(y) = y**3 - 7*y**2 + 6*y + 5. Let k(d) = -d + 13. Let f be k(5). Let c be q(f). What is the remainder when (-4)/(-18) - (-13780)/c is divided by 24?
22
Let p = -108 + 138. Suppose -15 + 2 = -2*z - 3*j, 3*z - 4*j - 45 = 0. Suppose -z*b = -17*b + p. Calculate the remainder when b is divided by 4.
1
What is the remainder when 9521 is divided by (-1863)/54*(-1 - (-6)/18)?
22
Let t be -18 + 7 - 5/1. What is the remainder when (570/24)/((-2)/t) is divided by 48?
46
Let w = 22 + -62. Let s(g) = 3*g**2 + 243*g - 983. Calculate the remainder when s(4) is divided by (3/2)/((-6)/w).
7
Let q(u) = -3*u**2 - 36*u + 8. Let b be q(-9). Let d = b - 37. What is the remainder when 151 is divided by d?
47
Let r be (40/(-50))/(-1*10/13025). Let h = r - 1023. Calculate the remainder when h is divided by 13.
6
Suppose -451 = -3*l + 2*v + 1520, -4*l + 6*v + 2618 = 0. Calculate the remainder when l is divided by 51.
47
Suppose -8*k - 3*k - 1716 = 0. Let b = k + 183. Calculate the remainder when 188 is divided by b.
26
Suppose -5*w = -2*t + 108 + 264, -930 = -5*t - 3*w. Suppose -180*i + t*i = 240. What is the remainder when 109 is divided by i?
29
Let l = 108 + -107. Let r be l/((-5)/(-25)) + -9. What is the remainder when 46 is divided by (32/r)/(-1 + 3) + 28?
22
Suppose -2*p - f + 2*f = -58, 4*p = -4*f + 128. Let b = p + -23. Suppose 0 = -0*r - 2*r + 40. Calculate the remainder when r is divided by b.
6
Let s(o) = -76*o. Suppose 1151 + 2483 = 8*h - 1822. Calculate the remainder when h is divided by s(-1).
74
Suppose 0 = 5*x + 13*n - 14*n - 61, 3*n + 63 = 5*x. Calculate the remainder when 84 is divided by x.
0
Let r(t) = -7*t**2 + 8*t + 37. Let x(d) = 3*d**2 + d - 1. Let j(k) = -r(k) - 2*x(k). Calculate the remainder when 27 is divided by j(14).
6
What is the remainder when (2496/6)/8 + (-24)/3 is divided by (-4)/10 + (-144)/(-10)?
2
Let f = 8 + -3. Let u = -21 - -287. Suppose -u = 25*n - 39*n. Calculate the remainder when n is divided by f.
4
Let o = -1701 - -1801. Calculate the remainder when o is divided by 25.
0
Suppose 4*o - 4280 = -b, 4*b - 5*o + 12854 = 7*b. Calculate the remainder when b is divided by 58.
54
Let v(h) = h**2 + 4*h - 3. Suppose 0 = a + 102 - 107. Calculate the remainder when 111 is divided by v(a).
27
Let i(f) = 2*f. Let l be i(1). What is the remainder when 104 + 8/44 + (-225)/(-33) is divided by l/5 - 552/(-20)?
27
Let b = -15433 - -15531. Calculate the remainder when b is divided by 20.
18
Suppose j + 1225 = 8*j. Suppose -5*n = -2*a + j, 0 = 2*a + 4*n - 3*n - 169. What is the remainder when a is divided by 15?
10
Suppose 5*s - 288 = -16*s + 3*s. Calculate the remainder when 137 is divided by s.
9
Suppose 37 = -12*v + 1. Calculate the remainder when 194 is divided by 105/v*32/(-80).
12
Suppose 0 = 31*v - 304 - 37. Suppose 0*y = -2*y + 4. Calculate the remainder when (-4)/(1/(-26)*y) is divided by v.
8
Let v = -34404 + 34507. Calculate the remainder when 14932 is divided by v.
100
Let j(z) = 44*z**2 - z. Let r(w) = -w + 6. Let t be r(5). Suppose -5*d = 5*c + 56 - 161, 2*d - 53 = -3*c. Calculate the remainder when j(t) is divided by c.
10
Suppose -2*d - 4*k = -9*k - 11, 3*d = -4*k + 28. Let z(a) = 13*a + 12. What is the remainder when z(d) is divided by 57?
2
Let p(u) = -u**3 + 15*u**2 + 3*u - 40. Let a be p(15). What is the remainder when 106 is divided by -40*((-2)/((-30)/(-81)) + a)?
10
Let x(g) = -g**3 + 9*g**2 + 14*g - 15. Let h be -1*2*(1 + -2) + 42. Let f be (1 + (-6)/(-4))/(11/h). What is the remainder when x(f) is divided by 5?
0
Suppose -10 = 2*k, -131*k + 118 = y - 132*k. What is the remainder when 304 is divided by y?
78
Let a(r) = -2*r**3 - 12*r**2 + 2. Let y be a(-6). Suppose -4*k + 519 = z, 15*z = 17*z + y. What is the remainder when k is divided by 66?
64
Suppose 5*m + 167 = -2*l, 5*m - 4*m - 3*l + 30 = 0. Let b = 68 + m. Let x(h) = 450*h - 6738. Calculate the remainder when b is divided by x(15).
11
Let m = 4901 - 4716. Calculate the remainder when m is divided by 81.
23
Let g(r) = r**2 - 69*r + 677. What is the remainder when g(64) is divided by 44?
5
Let t(d) = d**3 + 27*d**2 - 142*d - 2578. What is the remainder when t(-28) is divided by 296?
22
Suppose 0 = -5*m + 5*j - 15 - 0, 3*m + 2*j + 19 = 0. Calculate the remainder when ((-174)/m)/(4/10) is divided by 10.
7
Suppose 75 = -5*c + 10*c. Suppose 2*l = l + 20. What is the remainder when ((-348)/(-4))/(c/10) is divided by l?
18
Suppose 38*k + 731 - 2859 = 0. What is the remainder when 5428 is divided by k?
52
Let p = 34 + -23. Let b be (-2)/p - 218/11. Let s = b - -34. What is the remainder when 97 is divided by s?
13
Calculate the remainder when 318 is divided by ((-23)/(-5))/(2 - (-9)/(-5)).
19
Let f(w) = 0*w**3 + 1 + 3 + 3*w**3 + 6*w + 7*w**2 - 2*w**3. Let d be (-8)/80*-5*(-9 - -1). Calculate the remainder when f(d) is divided by 12.
4
Let b = -29 + 29. Suppose 33 = n - 2*f + 5*f, b = 4*n - 4*f - 196. Suppose 60 = 3*v - n. What is the remainder when v is divided by 9?
8
Suppose -16941 = -l - 5*w, 3*l = 4671*w - 4675*w + 50779. Calculate the remainder when l is divided by 25.
21
Let w(h) = -h**3 + h + 91. Let j be w(0). Let v = j + -80. Suppose 4*o = 88 + 128. Calculate the remainder when o is divided by v.
10
Let r = 100 - 70. Let b = r - 7. What is the remainder when (28/(-21) + 1)/((-3)/(-1 - -604)) is divided by b?
21
Let g = 17 - 9. Let t = g + -8. Suppose t = -5*r + 447 + 133. Calculate the remainder when r is divided by 15.
11
Let z be ((-350)/(-75))/(-2*(-1)/39). Let r = z - 80. Calculate the remainder when 23 is divided by r.
1
Suppose -6 + 20 = 5*l + 2*s, -s = -l + 7. Suppose -l*u + 312 = u + 4*z, 2*z = u - 54. Calculate the remainder when 121 is divided by u.
1
Let q(t) be the first derivative of t**3/3 - t**2/2 + 2*t - 14. Let h be q(1). Suppose 0 = -h*c + 429 + 9. Calculate the remainder when c is divided by 37.
34
Let d be 0*(1 + (3 - (-36)/(-8))). Suppose d = -13*r + 190 - 21. Let v = 48 + 28. Calculate the remainder when v is divided by r.
11
Suppose -5*h = -6*h - 4*q + 31, 0 = -4*h + 3*q + 48. Calculate the remainder when 104 is divided by h.
14
Suppose -y + 59 + 3 = 0. Let i = 111777 - 111531. What is the remainder when i is divided by y?
60
Suppose 36*s - 210 = -34*s. Let d(b) = b - 2 - 11*b + 2*b. What is the remainder when d(-2) is divided by s?
2
Let k = 6277 - 5943. What is the remainder when 923 is divided by k?
255
Let l(c) = c**3 - 53*c**2 + 54*c. What is the remainder when 4 is divided by l(1)?
0
Let j be 5